vative of -c**8/20160 + c**7/1008 - c**6/360 + 2*c**5/15 - 14*c**2. Let q(b) be the third derivative of i(b). Determine q(5).
-2
Let q = 19 + -16. Let d(i) be the second derivative of -i**5/20 + i**4/3 + i**3/6 - i**2/2 - 29*i. Give d(q).
11
Suppose -4*m = -5*m - 4*c, 3*m + c = -11. Let n(v) = 7*v**3 - v**2 + 2*v + 5. Let q(d) = -2*d**3 - d**2 - d. Let u(o) = n(o) + 4*q(o). Determine u(m).
-3
Let u(p) = 2*p + 3. Let m(i) = -1. Let c be 30/(-25) - (-2)/10. Let r(d) = c*u(d) + 2*m(d). Let f(z) = 2*z + 4. Let y(o) = -4*f(o) - 5*r(o). Calculate y(-6).
-3
Let p(u) = -4*u - 7. Suppose 29*g + 130 = -44. Give p(g).
17
Let r(s) = 15995*s - 16000*s + 0 - 1. Give r(3).
-16
Let l(p) = 3*p - 6*p**2 + 3*p**3 - 4*p**3 + 4*p**2 - 4*p**2. Let f(a) = -4*a**2 - 15*a - 2. Let k be f(-4). Determine l(k).
-18
Let d = 35 + -30. Let l(n) = n**3 - n**2 - n - 1. Let v(a) = 11 + 8*a**2 + 9*a - 2*a**2 - 7*a**3 + 4*a**2. Let c(x) = -6*l(x) - v(x). Determine c(d).
5
Let p = 40 - 33. Let i(y) = y**2 + 0*y**2 + 18 - 9 - 8*y. Determine i(p).
2
Let m(p) = 5*p + 18. Let u(x) = 19*x + 66. Let w(f) = 15*m(f) - 4*u(f). Let l = 17 - 11. Calculate w(l).
0
Let v(f) = -f**3 + 7*f**2 + 9*f - 4. Let n = -2 + 10. Let k be v(n). Let c(r) be the second derivative of r**5/20 - 5*r**4/12 + 2*r**3/3 - 2*r. Calculate c(k).
0
Let m(b) be the third derivative of -b**5/30 - b**4/6 - b**3/6 - 26*b**2. Let v be 148/12 - (-1)/(-3). Suppose 3*q + v = -q. What is m(q)?
-7
Let v(q) = q**3 - 4*q**2 - 2. Suppose -5*t = -4*k - 12, -3*t + 26 = 5*k + t. Let r be -2 - -7*k - -1. Suppose -5*d - 17 = s, -2 - r = -s + 3*d. Give v(s).
-11
Let d(a) = -a**2 - a - 9*a + 14 + 15*a. Let s be d(7). Let j(y) = -y - 6. Give j(s).
-6
Let w(j) = -3*j**2. Let r(a) = 16*a**2 + 4*a - 6. Let x(u) = -r(u) - 5*w(u). Determine x(-5).
1
Let v(w) be the first derivative of -w**4/4 - 4*w**3 + 13*w**2/2 + 13*w - 72. Give v(-13).
13
Suppose -17*q = -16*q - 34. Suppose 3*m - g - q = -5*g, 0 = -m - 2*g + 14. Let n(u) = -u**2 + 6*u + 5. Give n(m).
5
Let t(u) be the first derivative of 3*u**4/2 - u**3 + 149. Determine t(2).
36
Let r = -2 - -5. Let p = 54 - 52. Let y(x) = -x**p + 2*x - 8 - 1 + 5 + 2. Determine y(r).
-5
Let j(d) = 3*d + 2*d + d**3 - 2*d**2 - 1 - 5*d**2. Suppose -8 - 1 = -3*r. Suppose r*f = 5*t - 45, 4*f - 17 = -2*t + 5*f. Determine j(t).
-7
Let x = -89 - -21. Let c = -70 - x. Let q(s) = -6*s + 1 + 2 - 4. Calculate q(c).
11
Let g(h) = -1 + 9*h + 2 + h**2 - 3*h. Let d(z) = -z**2 - 32*z - 117. Let c be d(-28). What is g(c)?
-4
Let h(b) = -b**3 - 9*b**2 - 10*b - 7. Let w = -17 - -19. Let n be w/8 + 132/(-16). What is h(n)?
9
Let p(i) be the first derivative of i**3/3 + 3*i**2 + 6*i - 56. Determine p(-4).
-2
Let u(m) be the second derivative of m**4/12 - m**3/2 + 3*m**2/2 - 14*m. Calculate u(4).
7
Let o = 26 - 23. Let x = o - 93. Let b be (-8)/5 - (-36)/x. Let k(v) = v**3 + 2*v**2 + 2*v + 3. What is k(b)?
-1
Suppose -82*c = 2*t - 78*c - 22, 2*t - 13 = -c. Let f be (-6)/(-4)*(-4)/(-3). Let d(x) = -2*x**2 - 6*x**2 + 5*x**2 - t*x + 8 + f*x**2. Calculate d(-6).
2
Suppose -2*m - 66 = -2*i, -5*i + 0*i + m = -181. Let x(y) = -70*y**2 + i*y**2 + 34*y**2 + 2 + 5*y. What is x(-3)?
-4
Let r(y) = -y**3 + 3*y**2 + y - 4. Let s = -293 + 296. What is r(s)?
-1
Let s(i) be the third derivative of -1/6*i**4 + 0 + 0*i + 1/3*i**3 + 24*i**2. Determine s(-5).
22
Let v(r) = -2*r**3 - r**2. Let b(l) = 5*l**3 + 3*l**2 + 2*l + 18. Let t(d) = -b(d) - 3*v(d). Calculate t(0).
-18
Let u(g) = 9*g**3 + g**2 + 2*g + 1. Let t = 3 + -1. Suppose 0 = -c - 3 + t. Give u(c).
-9
Let v(r) be the second derivative of 0*r**2 + 0 + 0*r**3 - 11*r + 1/12*r**4. What is v(0)?
0
Let a(j) = j**3 - 7*j**2 + 1. Suppose -t + 4 = 0, -m - t + 28 = -32. Suppose 5*u - u - m = 0. Suppose 5*v - u = 3*v. Determine a(v).
1
Let w(i) = 19*i**3 - 3*i**2 - 2*i + 5. Let z(t) = 7*t**3 - t**2 - t + 2. Let a(l) = -4*w(l) + 11*z(l). What is a(-3)?
-7
Let g(r) be the second derivative of -10*r - r**2 + 5/6*r**3 + 0. Calculate g(3).
13
Let n(h) = h**2 + 6*h + 2. Let i be (-6)/(-3) + -2 + 4. Let q(s) = -7*s - 16*s**2 + 0*s + i - s + 17*s**2. Let f be q(7). Give n(f).
-7
Let m = 379 - 384. Let v(w) = w**2 + 9*w + 2. Determine v(m).
-18
Suppose z + 8 = -2*w, 0 = -2*w + 2*z - 0 + 4. Let d(i) = -3*i**3 + i + 2. Let o be d(w). Let p(h) = o - 2*h - 24. Determine p(-2).
4
Let t(g) be the third derivative of -g**6/120 + 2*g**2 + 80*g. Calculate t(0).
0
Let f(t) be the third derivative of t**6/120 + 7*t**5/60 - 5*t**4/12 - 5*t**3/3 + 60*t**2. Give f(-8).
6
Suppose n - 3*d = -18, 25*n - 2*d = 27*n - 4. Let v(l) = -l + 2. What is v(n)?
5
Suppose 0 = 2*b - 0*b + 6. Let t(s) = 159*s**2 + 36*s + 20. Let r(w) = 29*w**2 + 7*w + 4. Let c(k) = -11*r(k) + 2*t(k). Give c(b).
2
Let m(z) = 14 - 3*z + z + 5*z. Let a(t) = 8*t + 41. Let d(k) = -4*a(k) + 11*m(k). Let r(p) = p**3 - p + 1. Let g be r(2). Determine d(g).
-3
Let p(d) = d**2 - 12*d - 10. Let i(r) = r**2 + 21*r - 59. Let g be i(-24). What is p(g)?
3
Let y(f) be the first derivative of -f**2/2 + 4*f - 111. Give y(5).
-1
Let j(p) = -7 - 189*p - 11*p**2 - p**3 - 184*p + 384*p. What is j(-12)?
5
Let h(u) = 6*u + 9. Let p be (-2)/23 - 1360/230. What is h(p)?
-27
Suppose 26 = d + 5. Let g = -27 + d. Let n(h) = h - 6. What is n(g)?
-12
Suppose -8 - 40 = 2*z. Let h = 26 + z. Suppose 2 = -t, -5*q + 5*t - 2 = -h*q. Let m(g) = -g**3 - 4*g**2 + 2. Give m(q).
2
Let l(w) be the first derivative of w**3/3 + 3*w**2 + 5*w + 126. Let s be 1*((-2 - 1) + -2). What is l(s)?
0
Suppose -2*m = -8 - 0. Let u(t) = 3*t + 4. Let r(j) = j. Let o = 12 - 10. Let s(b) = o*r(b) - u(b). Give s(m).
-8
Let z(h) = h**2 + 8*h + 8. Let t be z(-7). Let x(g) = t - 3 + 4 + g**3 + 0*g - g. Let r be 3/1 + (2 - 2) + -1. Calculate x(r).
8
Let f = -29 + 29. Let r(h) = h + f*h - h**2 - 3 + 6 - h**3 + 5. Give r(0).
8
Let c = 2 - 5. Let u be (5 + c)/2 + 3. Let t be -1 + 3 - (u + -8). Let a(j) = j - 3. Determine a(t).
3
Let v(k) = -k + 9. Suppose 0 = -11*t - 367 + 477. Calculate v(t).
-1
Let j(s) = -310*s - 314*s + 625*s + 2. Determine j(-6).
-4
Let v = 15 + -7. Let n(g) = -v*g - 2*g - 2 + 0*g + g. Let d(i) = -10*i - 2. Let o(a) = 5*d(a) - 6*n(a). Determine o(-2).
-6
Let o(y) = -y + 1. Let w(d) = d - 1. Let s(z) = z**2 + 3*z. Let c(j) = -s(j) + 3*w(j). Let p(a) = -c(a) - 4*o(a). What is p(-5)?
4
Suppose 8*v - 41 = 95. Let r(c) = -v - 26 - 12*c + c**2 + 25. Determine r(13).
-5
Let a(l) = l - 4. Let f be 5/20 + 4 - 3/12. Give a(f).
0
Let v(i) = -2*i - 4. Let a = -5 - -10. Suppose 5*w = 0, 0 = -2*l + a*l - 5*w + 36. Let n(k) = -k**2 - 13*k - 16. Let r be n(l). Give v(r).
4
Let c = -245 + 240. Let x(w) = -w**2 - 7*w - 7. What is x(c)?
3
Let p = -362 - -369. Let r(m) = m**2 - 6*m. Determine r(p).
7
Let i(b) = -b**3 - 5*b**2 - 5*b + 2. Let a be 94/(-3) + 2/6. Suppose 0 = 3*k - 2*g - 75, 3*g - 6*g = -k + 18. Let v = k + a. What is i(v)?
6
Suppose 0*w + w = -1, -5*z + 5*w = 150. Let u = z - -28. Let a(x) = x**3 + 3*x**2 + 3*x - 4. Give a(u).
-13
Suppose 0 = -4*g - 16, 37*k = 35*k + g + 22. Let w(r) = -r**2 + 10*r + 9. Give w(k).
18
Let z(m) = m**2 + 7*m + 6. Suppose -2*v = -0*v + 5*u - 64, -u = 5*v - 114. Suppose -5*j - 21 = 4*l, -l + 5*j + v = -4. Let q be -2 - 2 - (l + 0). What is z(q)?
-4
Let o(f) = -f**2 + 8*f + 7. Let n be 21*7/84*4. What is o(n)?
14
Let b(y) = y - 2*y**3 - 2*y**2 + 957 - 477 - 478. Let v be (4/8)/(2/(-48)). Let k be 27/v + (-2)/(-8). Determine b(k).
8
Let t(j) = -3*j**3 + 16*j**2 + 20*j - 22. Let z(c) = -4*c**3 + 17*c**2 + 22*c - 24. Let x(f) = 3*t(f) - 2*z(f). Give x(15).
-3
Let f be 2/(-9) + -5*4/(-9). Let x(h) = h**2 + h + 1. Let o(c) = c**3 + 10*c**2 + 11*c + 9. Let l(r) = f*x(r) - o(r). Calculate l(-7).
7
Let w(n) be the first derivative of 4*n + 1/3*n**3 - 9/2*n**2 + 10. Determine w(9).
4
Let j(w) = w**3 + 5*w**2 + 4*w + 2. Suppose -18*t + 15*t = 51. Let q = t - -13. What is j(q)?
2
Let j be (9 + 0 + 0)*3. Suppose 5*o - 35 = 4*w, -3*o + 0*w + 14 = -w. Suppose k - 24 = -4*y, -o*k + 0*y + j = 3*y. Let i(x) = x + 3. Give i(k).
7
Suppose 17*c = 6*c + 33. Let g(h) be the third derivative of -2*h**2 + 0*h + 5/6*h**c - 1/24*h**4 + 0. Give g(6).
-1
Suppose 6 = 3*z - 0. Let h be (-1)/(-2) + (-8)/(80/(-15)). Let y(v) = 1 + z - 6 + 5*v + 0*v**2 - v**h. Give y(3).
3
Let o(q) = q**2 + 9*q + 26. Let j(